 What is j(-12)?
8
Let h(p) = -p**2 - 7*p + 15. Give h(-4).
27
Let u(z) = 3*z - 10. Determine u(6).
8
Let v(x) = 11*x + 268. Give v(-25).
-7
Let n(k) = -k**3 + 5*k**2 - 2*k - 6. Calculate n(3).
6
Let b(m) = 11*m + 17. Calculate b(-7).
-60
Let a(x) = 19*x - 463. Determine a(24).
-7
Let w(v) = v**3 + 6*v**2 + 4*v - 5. Calculate w(-4).
11
Let c(g) = g**3 - 8*g**2 + 3*g - 5. What is c(7)?
-33
Let s(u) = 3*u + 5. What is s(-4)?
-7
Let r(p) = -2*p**2 - 3*p + 6. What is r(6)?
-84
Let j(u) = u - 28. Give j(12).
-16
Let t(j) = -8*j + 38. Give t(10).
-42
Let d(o) = 81*o + 618. Give d(-8).
-30
Let z(n) = -n**2 - 6*n - 7. Determine z(-3).
2
Let n(t) = 3*t**2 - 109*t + 231. What is n(34)?
-7
Let n(p) = -161*p**3 + 2*p**2 - 4*p + 2. Give n(1).
-161
Let s(j) = -2*j**3 - j**2 + 5*j - 3. Calculate s(2).
-13
Let r(d) = 5*d - 64. What is r(14)?
6
Let c(s) = -4*s + 23. Determine c(4).
7
Let x(n) = n**2 - 8*n - 20. Give x(11).
13
Let s(g) = 2*g**2 - 70*g - 233. Calculate s(38).
-5
Let d(g) = -g**3 + 3*g**2 + 26*g - 8. Determine d(-4).
0
Let p(f) = -27*f + 59. Give p(2).
5
Let f(w) = -w**3 - 9*w**2 + 9*w + 14. Determine f(-10).
24
Let o(p) = 4*p + 1. Give o(-2).
-7
Let c(x) = -2*x**3 - 53*x**2 - 27*x - 10. What is c(-26)?
16
Let b(v) = -5*v**2 + 57*v + 22. Calculate b(12).
-14
Let f(k) = 2*k**2 + 3*k - 37. Determine f(5).
28
Let l(x) = x**3 + 3*x**2 - 8*x - 2. What is l(-5)?
-12
Let z(h) = -h**3 + 4*h**2 + 6*h + 1. What is z(5)?
6
Let u(a) = -2*a**3 - 3*a**2 - 2*a - 2. Calculate u(-2).
6
Let x(y) = -44*y + 62. Determine x(6).
-202
Let v(x) = -3*x**3 - 26*x**2 - 8*x + 11. Give v(-8).
-53
Let l(b) = -14*b - 372. What is l(-27)?
6
Let w(t) = 135*t - 943. What is w(7)?
2
Let v(s) = s**2 - 3*s - 10. Determine v(4).
-6
Let g(t) = 7*t**2 - 2*t - 2. Give g(2).
22
Let g(a) = 4*a**3 + a**2 - 2*a - 3. What is g(-2)?
-27
Let o(j) = 5*j**3 + 3*j**2 - 1. What is o(-1)?
-3
Let c(k) = -k**2 + 6*k + 11. Give c(9).
-16
Let x(z) = z - 7. Calculate x(14).
7
Let f(u) = u**2 - 2*u - 11. Give f(-3).
4
Let g(w) = -w**2 - 7*w - 9. Calculate g(-6).
-3
Let p(x) = 2*x**2 - x - 30. Determine p(-4).
6
Let l(q) = -q**3 + 6*q - 24. Give l(0).
-24
Let o(s) = -s + 4. What is o(2)?
2
Let t(r) = r**2 - 12*r + 10. Calculate t(7).
-25
Let c(x) = x - 11. Calculate c(8).
-3
Let m(l) = -l**3 + 14*l**2 - 23*l - 7. Calculate m(12).
5
Let o(f) = 2*f**3 + 14*f**2 - 4*f + 1. Determine o(-7).
29
Let y(i) = 5*i - 65. What is y(7)?
-30
Let p(g) = -g**2 + 27*g - 13. Determine p(23).
79
Let v(j) = 2*j - 33. Determine v(14).
-5
Let q(f) = -f - 4. Determine q(-8).
4
Let q(o) = -o**3 - 10*o**2 - 9*o + 12. What is q(-9)?
12
Let u(p) = -p**3 + 5*p**2 - 2*p - 6. What is u(4)?
2
Let m(d) = 14*d - 60. Calculate m(5).
10
Let u(d) = 10*d**2 - 2. Calculate u(-1).
8
Let v(z) = 15*z + 1. What is v(1)?
16
Let v(a) = -3*a**2 + 5*a + 2. Determine v(-3).
-40
Let n(k) = -k + 6. Give n(-1).
7
Let s(l) = -5*l + 54. Give s(11).
-1
Let s(x) = -x - 41. Determine s(-17).
-24
Let a(g) = -g**3 + 19*g**2 + 3*g - 53. Determine a(19).
4
Let t(i) = -i + 4. Calculate t(3).
1
Let g(v) = -v**3 - 4*v**2 - 3*v - 16. Give g(-7).
152
Let j(w) = -2*w**3 - 30*w**2 - 49*w + 15. Determine j(-13).
-24
Let p(z) = z**3 - 5*z**2 - 7*z - 1. Determine p(6).
-7
Let y(h) = h**2 - 12*h + 31. Calculate y(12).
31
Let h(o) = 7*o**2 - 53*o + 9. Give h(8).
33
Let q(i) = 5*i - 10. Calculate q(5).
15
Let u(h) = h**3 + 4*h**2 - 2*h - 1. Determine u(-4).
7
Let f(n) = 8*n + 141. Determine f(-16).
13
Let s(d) = d**3 - 7*d**2 + 9*d - 26. Calculate s(6).
-8
Let q(j) = -7*j**2 + 10*j - 1. Give q(1).
2
Let n(d) = d**2 - 11*d - 4. Determine n(11).
-4
Let f(j) = j - 88. Give f(-18).
-106
Let g(l) = 8*l - 3. What is g(5)?
37
Let u(c) = c**3 - 16*c**2 + 15*c - 21. Give u(15).
-21
Let p(f) = -f**2 + 9*f + 2. Determine p(11).
-20
Let k(b) = -b**3 - 4*b**2 - 6*b - 5. What is k(-3)?
4
Let x(y) = -y**2 + 6*y + 41. Calculate x(8).
25
Let w(a) = 25*a + 1. What is w(1)?
26
Let a(b) = -b**2 - 17*b - 7. Determine a(-18).
-25
Let l(p) = 70*p. Calculate l(1).
70
Let o(t) = -t**3 - 9*t**2 + 51*t - 5. Calculate o(-13).
8
Let g(z) = 11*z + 25. Give g(5).
80
Let f(p) = -58*p**3 - p**2 - 4*p - 3. Calculate f(-1).
58
Let t(a) = 7*a + 179. Calculate t(-25).
4
Let x(j) = -j**3 - 7*j**2 - 4*j + 8. Calculate x(-6).
-4
Let c(v) = v**3 - 6*v**2 + 3*v + 8. Calculate c(5).
-2
Let i(m) = -2*m - 2. Give i(-2).
2
Let h(p) = -6*p**2. Calculate h(1).
-6
Let n(j) = 10*j + 36. Calculate n(-2).
16
Let l(n) = 20*n + 209. Calculate l(-10).
9
Let d(g) = g**3 + 34*g**2 + 4*g + 100. Calculate d(-34).
-36
Let f(s) = s**3 - s**2 - 2*s + 2. Calculate f(0).
2
Let x(p) = -p - 11. What is x(2)?
-13
Let s(z) = z**2 + z + 4. Give s(0).
4
Let q(w) = w**3 - 4*w**2 + 2*w + 6. What is q(5)?
41
Let z(l) = -l**2 - 16*l - 25. What is z(-13)?
14
Let i(h) = 65*h - 532. Give i(8).
-12
Let r(z) = -z**2 - 9*z + 11. Determine r(-11).
-11
Let q(g) = -g + 45. Calculate q(0).
45
Let u(g) = -g**3 + 4*g**2 - g + 5. Determine u(4).
1
Let l(s) = 8*s**2 + s + 2. Determine l(-2).
32
Let x(f) = f**2 + 2. Calculate x(-2).
6
Let k(t) = t**2 - 10*t + 6. Give k(9).
-3
Let u(l) = -9*l - 16. Give u(-1).
-7
Let z(l) = -14*l + 1. Determine z(3).
-41
Let i(v) = -v**3 + 21*v**2 + 24*v - 43. What is i(22)?
1
Let g(x) = x**3 - 5*x**2 - 8*x + 2. Calculate g(-2).
-10
Let t(x) = -x**2 + 5*x + 12. Calculate t(6).
6
Let w(x) = -x**2 - x - 7. Give w(-6).
-37
Let n(y) = 11*y + 8. Determine n(5).
63
Let x(o) = -o**3 - 3*o**2 - 8*o - 5. Calculate x(-1).
1
Let r(q) = -q**2 - 28*q + 32. Give r(-29).
3
Let f(u) = -2*u**3 + 18*u**2 - 17*u - 6. Calculate f(8).
-14
Let b(x) = -x**2 - 18*x + 11. What is b(-19)?
-8
Let x(y) = 5*y**2 + 2*y + 1. Determine x(2).
25
Let m(z) = z**2 + 12*z + 21. What is m(-9)?
-6
Let h(d) = 10*d - 43. Determine h(5).
7
Let z(c) = -c**3 + 13*c**2 + 70*c - 23. Determine z(17).
11
Let j(w) = -w**3 + 2*w**2 + 7*w - 12. Calculate j(6).
-114
Let j(m) = -m**2 - 10*m - 3. Calculate j(-9).
6
Let b(t) = t**3 - 25*t**2 + 27*t - 9. What is b(24)?
63
Let w(d) = -d - 11. Give w(-3).
-8
Let n(d) = -96*d**2 - 3*d. Determine n(-1).
-93
Let k(s) = -s**2 - 21*s - 64. Calculate k(-16).
16
Let k(h) = h**3 - 2*h**2 - 8*h + 9. Give k(4).
9
Let t(n) = -n**3 - 5*n**2 + 5. Calculate t(-2).
-7
Let i(c) = -c**2 - 13*c - 8. Give i(-6).
34
Let z(f) = 17*f - 259. Calculate z(16).
13
Let t(o) = 3*o - 37. Determine t(0).
-37
Let w(n) = -5*n - 54. Give w(-12).
6
Let o(g) = 2*g**2 - 51*g - 17. Give o(26).
9
Let d(u) = u**2 - u - 8. What is d(5)?
12
Let i(z) = 7*z + 22. Give i(-4).
-6
Let j(x) = x**3 + 13*x**2 - 28*x + 36. What is j(-15)?
6
Let m(p) = 4*p - 12. Determine m(-5).
-32
Let z(g) = 13*g - 85. Give z(7).
6
Let m(y) = -y**3 + 6*y**2 - 9*y + 18. What is m(5)?
-2
Let v(g) = g**2 - 7*g + 12. What is v(8)?
20
Let s(z) = -z**3 + 16*z**2 - 12*z - 34. Calculate s(15).
11
Let q(v) = -18*v**3 + v**2 - 2*v + 1. Determine q(1).
-18
Let g(v) = -4*v**2 - 15*v - 2. Determine g(-4).
-6
Let c(z) = 13*z**3 - 3*z**2 + 2. What is c(1)?
12
Let q(s) = s**2 + 11*s + 7. Determine q(-5).
-23
Let n(i) = -36*i**3 - i - 1. Determine n(-1).
36
Let a(m) = -m**2 + 11*m - 11. Calculate a(7).
17
Let l(u) = 2*u - 18. Calculate l(12).
6
Let k(u) = 22*u**3 + 2*u - 1. Give k(1).
23
Let m(p) = p**3 + 2*p**2 - 9*p - 4. Calculate m(-6).
-94
Let c(s) = -s**2 + 1. What is c(-3)?
-8
Let d(r) = -r + 18. Give d(4).
14
Let q(o) = 2*o**3 - 7*o**2 + 4*o + 12. What is q(3)?
15
Let x(o) = o**3 + 3*o**2 - 13*o - 18. What is x(-6)?
-48
Let g(k) = k**3 + 2*k**2 - k - 4. Calculate g(-5).
-74
Let c(x) = x**3 - 9*x**2 + 24*x - 8. Calculate c(5).
12
Let d(p) = -p**2 + 11*p + 34. Give d(-3).
-8
Let b(i) = 2*i**2 + 108*i - 108. Determine b(1).
2
Let s(g) = -g**2 - 9*g - 3. Calculate s(-7).
11
Let f(r) = -4*r - 8. What is f(-5)?
12
Let w(i) = 5*i + 113. Calculate w(-27).
-22
Let g(x) = -x**3 - 10*x**2 - 14*x - 2. What is g(-2)?
-6
Let v(t) = -2*t**2 - 36*t - 136. Calculate v(-5).
-6
Let g(a) = -6*a - 64. What is g(-12)?
8
Let w(u) = -3*u**2 - 11. Give w(-4).
-59
Let u(g) = 2*g + 13. Give u(-10).
-7
Let l(c) = c**2 + 15*c - 21. Calculate l(-8).
-77
Let r(g) = g**3 - g - 43. Give r(0).
-43
Let r(t) = 4*t + 6. Determine r(-4).
-10
Let r(x) = -8*x - 4. Give r(4).
-36
Let a(k) = k**3 - 20*k**2 + k - 9. Calculate a(20).
11
Let j(u) = -2